= l*n - 10493, 6962 = 2*n + 7*s - 2*s. Is n composite?
False
Is 207744 - ((-2)/(-10) + (-650)/125) a prime number?
False
Let w(q) = 2216*q + 3. Let y be 2 + (-10)/6 - 32/(-48). Is w(y) a composite number?
True
Let x = 39 - 36. Suppose -3*a + 6*a = 1467. Suppose -2*v = -4*s - 3*v + 652, -v = x*s - a. Is s a prime number?
True
Let t be (-3 - (-140)/2)/(14/658). Let k = -568 + t. Is k composite?
True
Let t = -92 - -101. Suppose 0 = 4*o + 3*m - 41258, 12*m - t*m + 20620 = 2*o. Is o a composite number?
False
Let t(p) = -210*p**3 + p**2 - 7*p + 10. Let r be t(-4). Suppose 1948 + r = 2*i. Is i composite?
True
Let s(f) = -f**2 + 10*f - 5. Let o be s(9). Let y be (3 - 2) + (-3 - (o - 4)). Is 1/(((-3)/11586)/(y/4)) a prime number?
True
Is (-303606 + -2)*((-36)/(-18))/(-8) a composite number?
True
Let y = -20 + 104. Suppose 4*m - y = 2*c, -26 = -2*m - c + 6*c. Let h = m + 214. Is h a composite number?
True
Suppose 5*d = 3*o + 21, d - 5*o - 14 + 1 = 0. Suppose 0 = 4*i + 5*m - 4056, -7*i + 4052 = -d*i + 4*m. Is i a composite number?
False
Suppose 6*u + 3645719 = 5*h, -178364 - 2009073 = -3*h + 5*u. Is h composite?
False
Let j be ((-18)/(-12))/((-1)/(-48)). Suppose -5*f + 13*n + 3409 = 9*n, -2*n = 5*f - 3403. Suppose -f = -3*k + j. Is k composite?
False
Let c be 5/2 + (-1327345)/2. Is 40/(-18) - -2 - c/126 a prime number?
False
Let i = 40 + -36. Suppose -2*u + 6*u = -5*z + 26, -4*z = i*u - 24. Suppose z*w + 1056 = 6*w + 4*r, -2*r = 3*w - 787. Is w a prime number?
False
Let c = -12 + 28. Let x(z) = -91*z - 62*z + 3 + 24*z - c. Is x(-10) a composite number?
False
Suppose 3*c - 3*w = 89244 + 13497, -3*c + 5*w = -102739. Suppose 4*h - 2*x = -6*x + c, 2*h - x - 17136 = 0. Is h a composite number?
True
Let h be 585/(-6) + ((-3)/(-2))/3. Let c = h + 64. Is 1/3*20390 - 11/c a prime number?
False
Suppose -132*p + 137*p = 20. Let k(d) = 11*d**3 + 3*d**2 - 5*d + 19. Is k(p) a prime number?
True
Suppose 9*i + 16 = 7*i. Let z(q) = 420*q - 2. Let r(n) = 630*n - 3. Let j(f) = i*z(f) + 5*r(f). Is j(-3) prime?
True
Suppose 0 = -3*v + c + 7, -4*v + v - 8 = -4*c. Suppose 3*s = -v + 10. Is 38*(-1)/(s/(-97)) a prime number?
False
Let s be (1904/20)/(16/(-20) + 1). Let w = s + 4751. Is w prime?
True
Suppose 929*x - 911*x - 1074474 = 0. Is x a prime number?
True
Suppose -7*j - 1024313 = -12*j - 3*u, -2*j - 4*u + 409714 = 0. Is j a prime number?
False
Let f(h) = -h**2 - h + 14910. Let o be f(0). Suppose -4*b - 3*b = o. Let v = -1508 - b. Is v composite?
True
Let z(n) be the second derivative of -781*n**3/3 + 165*n**2/2 - 155*n. Is z(-7) prime?
False
Let p(n) = -n**3 + 8*n**2 - 23. Let u be p(7). Let z = u + -24. Suppose 7*f - 1615 = z*f. Is f a composite number?
True
Let q(k) = 14*k + 13. Let d(b) = 7*b**2 - 3*b + 2. Let c be d(1). Is q(c) a composite number?
False
Let a be 15/(-60) + -1*39/4. Let w be (-426)/a - 24/40. Suppose 4*c - w = -s + 221, 4*s - 4*c = 1052. Is s prime?
True
Let w(a) = a + 8*a + 4 + 3*a**2 - 17. Let s be 1431/189 + (-3)/14*-2. Is w(s) a composite number?
False
Suppose 721*j - 371*j = 364*j - 17034962. Is j prime?
False
Let p = -8010 + 9933. Is p a prime number?
False
Let m(u) = -2*u**2 + 2*u - 2. Suppose -p + 3*j = 5 + 9, -5*j + 21 = -4*p. Let t be m(p). Is (-5347 - t)*(-3)/15 a composite number?
False
Suppose -14*q + 30*q = 5120. Let a(i) = -i - 1. Let j be a(-5). Suppose 2*p = 2*r - q, -3*p + 808 = j*r + r. Is r prime?
False
Let y = -2114 + 10063. Is y a composite number?
False
Suppose -9*s + 7*s - 2*y + 58 = 0, -y - 31 = -s. Suppose s*x - 265401 = -92211. Is x composite?
True
Let z = -128 - -131. Suppose 2*v + 0*v - 4*r - 2970 = 0, 2956 = 2*v + z*r. Is v prime?
True
Suppose 26*a - 12518911 - 2823115 = -3654532. Is a composite?
True
Let x(b) = b**3 - 7*b**2 + 2*b + 29. Suppose 8*f - 2 - 46 = 0. Let n be x(f). Suppose -12319 = -n*i + t, -4*i + i - 4*t + 7373 = 0. Is i a prime number?
False
Let f(z) = z**3 - 6*z**2 + 4*z + 3. Let h be f(5). Let g(u) = -41*u**2 - 55*u - 67. Let c(x) = -13*x**2 - 19*x - 23. Let t(r) = 17*c(r) - 6*g(r). Is t(h) prime?
True
Let l(h) be the first derivative of -2*h**5/5 - h**4/6 - 11*h**3/6 - 4*h**2 - 36*h + 2. Let v(d) be the first derivative of l(d). Is v(-5) prime?
True
Let k(z) = 4*z**3 - 4*z**2 - 14*z - 4. Suppose 2*x + 12 = 3*d - 80, -5*x + 5*d - 240 = 0. Let b = 57 + x. Is k(b) a composite number?
True
Suppose -4*n = -2*m + 22930, -24*n + 11459 = m - 20*n. Is m a composite number?
True
Let t be 6/(((-1)/(-24))/((-2)/3)). Let g = t + 179. Is g a prime number?
True
Let w(i) = 152*i**2 + 143*i + 4. Is w(-11) a prime number?
True
Let b be (22566/(-9))/(28/(-6) + 4). Suppose -p - 11523 = 5*o, -4*o - 8369 - 862 = 5*p. Let s = o + b. Is s composite?
True
Let l(k) = 3*k**2 - 30*k - 128. Let h be l(34). Let s = 1623 + h. Is s a composite number?
False
Let l(n) = 1. Let t(d) = d**2 + 9*d + 21. Let b(p) = 4*l(p) - t(p). Let h be b(-5). Suppose -3*k - 6 - 3 = 0, 10998 = h*s - k. Is s composite?
True
Suppose -n - l + 119859 = -0*n, -479436 = -4*n + 2*l. Is n prime?
False
Is ((-75)/(-10) - 7)*((-409719)/(-1) - -7) prime?
False
Suppose 16*l = 4*l + 60. Suppose l*t - 2556 = t - 4*y, 4*y = 5*t - 3213. Is t a composite number?
False
Let v(p) be the third derivative of 37/6*p**3 + 0*p + 25/24*p**4 + 3/10*p**5 + 1/120*p**6 + 7*p**2 + 0. Is v(-16) prime?
True
Let q be (312/(-15))/((-4)/(-260)). Let x = -544 - q. Suppose x + 5577 = 5*g. Is g composite?
False
Is 11 - (5036*198)/(-11) a prime number?
True
Let a(g) = -g**3 - 5*g**2 - 5*g + 10. Let t be a(-5). Let v be (-7)/t - 884/5. Let u = v + 254. Is u a prime number?
False
Let j(i) = 28*i**2 - 130*i + 485. Is j(-65) a composite number?
True
Let u(y) be the second derivative of -y**4/12 - 17*y**3/6 + 7*y**2/2 - 5*y. Suppose -5*h - 60 = -h + o, 0 = h + 4*o + 15. Is u(h) a composite number?
False
Suppose 3580 = -2*h + 4*p + 18054, 4*h - 28968 = -2*p. Is h a prime number?
False
Suppose 2*c + 2688 = 2*l, 5*l + 2*c - 2696 = 3*l. Is (3/6)/(1/l) prime?
True
Let u(c) = 2*c**2 + 23*c - 33. Let b(p) = 3*p**2 + 34*p - 50. Let l(q) = 5*b(q) - 7*u(q). Is l(11) a prime number?
False
Let m(c) = 7*c + 45. Let p be m(-7). Let b = p + 14. Is ((-72)/b + 3)/(2/(-10)) a prime number?
False
Is (-132)/242 - (-4635170)/22 a composite number?
True
Let s(f) be the second derivative of f**6/120 + f**5/6 + 5*f**3/6 - 4*f**2 - 9*f. Let y(z) be the first derivative of s(z). Is y(-6) prime?
True
Suppose 0 = -8*i + 13*i - 15. Let z be 4*((-4)/(-2) + -3). Is i/z - (-9)/(36/4223) composite?
True
Suppose -2*p - 72 = -10*p. Suppose -p*n + 43171 = -156890. Is n a prime number?
True
Let q be -7*2/28*12. Let w be (-7324)/q - (-15)/45. Let a = w + -754. Is a a prime number?
True
Suppose 3*y = -3*s + y + 105229, 0 = s + y - 35074. Is s prime?
True
Suppose -104*h = 8*h - 2159024. Is h a composite number?
True
Is 506396/12 + 3 + (-174)/261 a composite number?
True
Suppose 5*p - 3*p = 2, 5*c - 3*p - 12 = 0. Suppose o - 4*f = 8802 + 6141, 2*o = -c*f + 29930. Is o a composite number?
True
Let w = 220340 + 345143. Is w a composite number?
False
Let j = -113 - -116. Let v(m) = 3*m - j - 6 - 55*m**3 + m + 2*m**2 + 18. Is v(-2) a prime number?
True
Let g(c) = -22065*c - 127. Is g(-2) prime?
False
Let j be -9707*(28/(-4) - -8). Let a = j + 14406. Is a a prime number?
False
Let s = -99362 - -231033. Is s a prime number?
True
Let j = 226 - 221. Suppose x = -0*t + j*t - 6802, -t + 1364 = x. Is t a prime number?
True
Let a(x) = 7*x - 78. Let f be a(15). Suppose -f*p = -38*p + 18051. Is p prime?
False
Suppose -4*c + 160 = -764. Suppose 0 = 16*t + 25 - 57. Suppose 0 = -5*i + 5, -h - t*i + c = -88. Is h composite?
False
Suppose 25*m + 126 = 39*m. Is (7 - -6109) + -4 + m a composite number?
False
Let m = 179 - -648. Let u = m + -466. Let y = 126 + u. Is y a composite number?
False
Suppose 3*p + 2964 = -4*x, -p - 2972 = -12*x + 16*x. Let r = x - -1445. Is r composite?
False
Let w = 302432 - 129971. Is w a prime number?
False
Is 1486606/18 - (-1)/((90/(-20))/1) prime?
False
Let v = -33746 - -75517. Is v prime?
True
Suppose -g + p + 204158 = 0, 0 = -9*g + 14*g + 5*p - 1020800. Is g a composite number?
True
Suppose -90*y + 256932 + 509238 = 0. Is y prime?
True
Let h be (-1)/(-3) - (-1491)/63. Let f be 4/h + (348772/(-24))/1. Is ((-8)/12)/(8/f) a prim